{"id":4437,"date":"2018-12-12T14:14:12","date_gmt":"2018-12-12T14:14:12","guid":{"rendered":"https:\/\/farmletsa.com\/index.php\/about-us\/"},"modified":"2023-09-22T14:25:28","modified_gmt":"2023-09-22T14:25:28","slug":"nosotros","status":"publish","type":"page","link":"https:\/\/farmletsa.com\/index.php\/nosotros\/","title":{"rendered":"Nosotros"},"content":{"rendered":"<section class=\"wpb-content-wrapper\">[vc_row css=\u00bb.vc_custom_1559134125722{padding-top: 10px !important;padding-bottom: 100px !important;}\u00bb][vc_column width=\u00bb5\/12&#8243; css=\u00bb.vc_custom_1558959371819{padding-right: 40px !important;}\u00bb]<div class=\"cws_spacing\"><div class=\"cws_spacing cws_spacing_default\" style=\"height:30px;\"><\/div><\/div><div id='cws_service_item_69f42ad6e12fe' class='cws_service_item cws_vc_shortcode_module title_under a-left  vc_custom_1694294851481'><div class='cws_service_item_wrapper clearfix'><span class='cws_searvice_icon_wrapper cws_searvice_side'><i class='cws_service_icon cws_vc_shortcode_icon_3\u0445 flaticon-cow'><\/i><\/span><div class='cws_service_info'><h6 class='cws_service_title'>Acerca de Nosotros<\/h6><div class='cws_service_desc clearfix'><p>En Farmlet S.A., somos una empresa apasionada por los animales, dedicada a proporcionar soluciones a trav\u00e9s de productos veterinarios especialmente dise\u00f1ados para el cuidado y tratamiento de nuestros animales. Nos esforzamos por ofrecer productos de alta calidad que contribuyan al bienestar y la salud de las mascotas, asegurando que cada uno reciba el mejor cuidado posible a trav\u00e9s de nuestros productos especializados.<\/p>\n<\/div><\/div><\/div><\/div><div class=\"cws_spacing\"><div class=\"cws_spacing cws_spacing_default\" style=\"height:10px;\"><\/div><\/div>[\/vc_column][vc_column width=\u00bb7\/12&#8243;][vc_single_image image=\u00bb6762&#8243; img_size=\u00bbfull\u00bb css=\u00bb.vc_custom_1695392440935{border-radius: 30px !important;}\u00bb][\/vc_column][\/vc_row][vc_row full_width=\u00bbstretch_row\u00bb bg_cws_repeat=\u00bbno-repeat\u00bb bg_cws_size=\u00bbcover\u00bb bg_image_position=\u00bbcenter_center\u00bb crop=\u00bb1&#8243; crop_style=\u00bbstyle_2&#8243; css=\u00bb.vc_custom_1695177122809{background-color: #f2f2f2 !important;}\u00bb][vc_column]<div class=\"cws_spacing cws_spacing_size_sm_desctop-on cws_spacing_tablet-on cws_spacing_mobile-on\"><div class=\"cws_spacing cws_spacing_default\" style=\"height:100px;\"><\/div> <div class=\"cws_spacing cws_spacing_size_sm_desctop\" style=\"height:100px;\"><\/div> <div class=\"cws_spacing cws_spacing_tablet\" style=\"height:50px;\"><\/div> <div class=\"cws_spacing cws_spacing_mobile\" style=\"height:50px;\"><\/div><\/div>[vc_row_inner][vc_column_inner width=\u00bb1\/3&#8243; css=\u00bb.vc_custom_1559109188836{padding-right: 50px !important;}\u00bb]<div class='cws_textmodule cws_vc_shortcode_module' id='cws_textmodule_69f42ad6e14ab'><div class='cws_textmodule_wrapper icon_pos_above'><div class='cws_textmodule_text text_align_right'><div class='cws_textmodule_titles'><div class='cws_textmodule_aside'><h2 class='cws_textmodule_title'><span>Asesor\u00eda personalizada<\/span><\/h2><\/div><\/div><div class='cws_textmodule_content'><div class='text_content_wrapper'><p>En Farmlet S.A., ofrecemos asesor\u00eda personalizada para el cuidado veterianario. Nuestro compromiso es proporcionarte orientaci\u00f3n experta y soluciones veterinarias de alta calidad.<\/p>\n<\/div><\/div><\/div><\/div><\/div><div class=\"cws_spacing\"><div class=\"cws_spacing cws_spacing_default\" style=\"height:70px;\"><\/div><\/div><div class='cws_textmodule cws_vc_shortcode_module' id='cws_textmodule_69f42ad6e1612'><div class='cws_textmodule_wrapper icon_pos_above'><div class='cws_textmodule_text text_align_right'><div class='cws_textmodule_titles'><div class='cws_textmodule_aside'><h2 class='cws_textmodule_title'><span>Precio y calidad<\/span><\/h2><\/div><\/div><div class='cws_textmodule_content'><div class='text_content_wrapper'><p>Farmlet se enorgullece en ofrecer al productor la mejor oferta de valor entre precio y calidad de los productos, permiti\u00e9ndonos llegar con la mejor combinaci\u00f3n a los centros agropecuarios del pa\u00eds.<\/p>\n<\/div><\/div><\/div><\/div><\/div><div class=\"cws_spacing\"><div class=\"cws_spacing cws_spacing_default\" style=\"height:70px;\"><\/div><\/div>[\/vc_column_inner][vc_column_inner width=\u00bb1\/3&#8243;][vc_single_image image=\u00bb6823&#8243; img_size=\u00bbfull\u00bb][\/vc_column_inner][vc_column_inner width=\u00bb1\/3&#8243; css=\u00bb.vc_custom_1559109194740{padding-left: 50px !important;}\u00bb]<div class='cws_textmodule cws_vc_shortcode_module' id='cws_textmodule_69f42ad6e175d'><div class='cws_textmodule_wrapper icon_pos_above'><div class='cws_textmodule_text text_align_left'><div class='cws_textmodule_titles'><div class='cws_textmodule_aside'><h2 class='cws_textmodule_title'><span>Cobertura nacional<\/span><\/h2><\/div><\/div><div class='cws_textmodule_content'><div class='text_content_wrapper'><p>Nuestra cobertura nacional en Farmlet S.A. abarca todo Ecuador. Estamos comprometidos en servir a clientes en todo el pa\u00eds, llevando nuestros productos veterinarios a lo largo y ancho de Ecuador.<\/p>\n<\/div><\/div><\/div><\/div><\/div><div class=\"cws_spacing\"><div class=\"cws_spacing cws_spacing_default\" style=\"height:70px;\"><\/div><\/div><div class='cws_textmodule cws_vc_shortcode_module' id='cws_textmodule_69f42ad6e18a0'><div class='cws_textmodule_wrapper icon_pos_above'><div class='cws_textmodule_text text_align_left'><div class='cws_textmodule_titles'><div class='cws_textmodule_aside'><h2 class='cws_textmodule_title'><span>Variedad de productos<\/span><\/h2><\/div><\/div><div class='cws_textmodule_content'><div class='text_content_wrapper'><p>Te ofrecemos una amplia gama de productos veterinarios. Nuestra variedad de productos est\u00e1 dise\u00f1ada para cubrir todas tus necesidades, brind\u00e1ndote opciones especializadas para el cuidado y tratamiento de tus animales.<\/p>\n<\/div><\/div><\/div><\/div><\/div><div class=\"cws_spacing\"><div class=\"cws_spacing cws_spacing_default\" style=\"height:70px;\"><\/div><\/div>[\/vc_column_inner][\/vc_row_inner]<div class=\"cws_spacing cws_spacing_size_sm_desctop-on cws_spacing_tablet-on cws_spacing_mobile-on\"><div class=\"cws_spacing cws_spacing_default\" style=\"height:150px;\"><\/div> <div class=\"cws_spacing cws_spacing_size_sm_desctop\" style=\"height:150px;\"><\/div> <div class=\"cws_spacing cws_spacing_tablet\" style=\"height:100px;\"><\/div> <div class=\"cws_spacing cws_spacing_mobile\" style=\"height:50px;\"><\/div><\/div>[\/vc_column][\/vc_row][vc_row full_width=\u00bbstretch_row\u00bb bg_cws_repeat=\u00bbno-repeat\u00bb bg_cws_size=\u00bbcover\u00bb bg_image_position=\u00bbcenter_center\u00bb crop=\u00bb1&#8243; crop_style=\u00bbstyle_5&#8243; css=\u00bb.vc_custom_1559132997015{margin-top: -90px !important;background: #7d9f3a url(https:\/\/farmletsa.com\/wp-content\/uploads\/2019\/05\/bg_350.jpg?id=6440) !important;}\u00bb][vc_column]<div class=\"cws_spacing cws_spacing_size_sm_desctop-on cws_spacing_tablet-on cws_spacing_mobile-on\"><div class=\"cws_spacing cws_spacing_default\" style=\"height:50px;\"><\/div> <div class=\"cws_spacing cws_spacing_size_sm_desctop\" style=\"height:50px;\"><\/div> <div class=\"cws_spacing cws_spacing_tablet\" style=\"height:50px;\"><\/div> <div class=\"cws_spacing cws_spacing_mobile\" style=\"height:50px;\"><\/div><\/div><div class=\"cws_spacing cws_spacing_size_sm_desctop-on cws_spacing_tablet-on cws_spacing_mobile-on\"><div class=\"cws_spacing cws_spacing_default\" style=\"height:60px;\"><\/div> <div class=\"cws_spacing cws_spacing_size_sm_desctop\" style=\"height:60px;\"><\/div> <div class=\"cws_spacing cws_spacing_tablet\" style=\"height:50px;\"><\/div> <div class=\"cws_spacing cws_spacing_mobile\" style=\"height:50px;\"><\/div><\/div>[\/vc_column][\/vc_row]\n<\/section>","protected":false},"excerpt":{"rendered":"<p>[vc_row css=\u00bb.vc_custom_1559134125722{padding-top: 10px !important;padding-bottom: 100px !important;}\u00bb][vc_column width=\u00bb5\/12&#8243; css=\u00bb.vc_custom_1558959371819{padding-right: 40px !important;}\u00bb][\/vc_column][vc_column width=\u00bb7\/12&#8243;][vc_single_image image=\u00bb6762&#8243; img_size=\u00bbfull\u00bb css=\u00bb.vc_custom_1695392440935{border-radius: 30px !important;}\u00bb][\/vc_column][\/vc_row][vc_row full_width=\u00bbstretch_row\u00bb bg_cws_repeat=\u00bbno-repeat\u00bb bg_cws_size=\u00bbcover\u00bb bg_image_position=\u00bbcenter_center\u00bb crop=\u00bb1&#8243; crop_style=\u00bbstyle_2&#8243; css=\u00bb.vc_custom_1695177122809{background-color: #f2f2f2 !important;}\u00bb][vc_column][vc_row_inner][vc_column_inner width=\u00bb1\/3&#8243; css=\u00bb.vc_custom_1559109188836{padding-right: 50px !important;}\u00bb][\/vc_column_inner][vc_column_inner width=\u00bb1\/3&#8243;][vc_single_image image=\u00bb6823&#8243; img_size=\u00bbfull\u00bb][\/vc_column_inner][vc_column_inner width=\u00bb1\/3&#8243; css=\u00bb.vc_custom_1559109194740{padding-left: 50px !important;}\u00bb][\/vc_column_inner][\/vc_row_inner][\/vc_column][\/vc_row][vc_row full_width=\u00bbstretch_row\u00bb bg_cws_repeat=\u00bbno-repeat\u00bb bg_cws_size=\u00bbcover\u00bb bg_image_position=\u00bbcenter_center\u00bb crop=\u00bb1&#8243; crop_style=\u00bbstyle_5&#8243; css=\u00bb.vc_custom_1559132997015{margin-top: -90px !important;background: #7d9f3a url(https:\/\/farmletsa.com\/wp-content\/uploads\/2019\/05\/bg_350.jpg?id=6440) !important;}\u00bb][vc_column][\/vc_column][\/vc_row]<\/p>\n","protected":false},"author":1,"featured_media":0,"parent":0,"menu_order":0,"comment_status":"closed","ping_status":"closed","template":"","meta":{"footnotes":""},"class_list":["post-4437","page","type-page","status-publish","hentry"],"yoast_head":"<!-- This site is optimized with the Yoast SEO plugin v22.5 - https:\/\/yoast.com\/wordpress\/plugins\/seo\/ -->\n<title>Nosotros -<\/title>\n<meta name=\"robots\" content=\"index, follow, max-snippet:-1, max-image-preview:large, max-video-preview:-1\" \/>\n<link rel=\"canonical\" href=\"https:\/\/farmletsa.com\/index.php\/nosotros\/\" \/>\n<meta property=\"og:locale\" content=\"es_ES\" \/>\n<meta property=\"og:type\" content=\"article\" \/>\n<meta property=\"og:title\" content=\"Nosotros -\" \/>\n<meta property=\"og:description\" content=\"[vc_row css=\u00bb.vc_custom_1559134125722{padding-top: 10px !important;padding-bottom: 100px !important;}\u00bb][vc_column width=\u00bb5\/12&#8243; css=\u00bb.vc_custom_1558959371819{padding-right: 40px !important;}\u00bb][\/vc_column][vc_column width=\u00bb7\/12&#8243;][vc_single_image image=\u00bb6762&#8243; img_size=\u00bbfull\u00bb css=\u00bb.vc_custom_1695392440935{border-radius: 30px !important;}\u00bb][\/vc_column][\/vc_row][vc_row full_width=\u00bbstretch_row\u00bb bg_cws_repeat=\u00bbno-repeat\u00bb bg_cws_size=\u00bbcover\u00bb bg_image_position=\u00bbcenter_center\u00bb crop=\u00bb1&#8243; crop_style=\u00bbstyle_2&#8243; css=\u00bb.vc_custom_1695177122809{background-color: #f2f2f2 !important;}\u00bb][vc_column][vc_row_inner][vc_column_inner width=\u00bb1\/3&#8243; css=\u00bb.vc_custom_1559109188836{padding-right: 50px !important;}\u00bb][\/vc_column_inner][vc_column_inner width=\u00bb1\/3&#8243;][vc_single_image image=\u00bb6823&#8243; img_size=\u00bbfull\u00bb][\/vc_column_inner][vc_column_inner width=\u00bb1\/3&#8243; css=\u00bb.vc_custom_1559109194740{padding-left: 50px !important;}\u00bb][\/vc_column_inner][\/vc_row_inner][\/vc_column][\/vc_row][vc_row full_width=\u00bbstretch_row\u00bb bg_cws_repeat=\u00bbno-repeat\u00bb bg_cws_size=\u00bbcover\u00bb bg_image_position=\u00bbcenter_center\u00bb crop=\u00bb1&#8243; crop_style=\u00bbstyle_5&#8243; css=\u00bb.vc_custom_1559132997015{margin-top: -90px !important;background: #7d9f3a url(https:\/\/farmletsa.com\/wp-content\/uploads\/2019\/05\/bg_350.jpg?id=6440) !important;}\u00bb][vc_column][\/vc_column][\/vc_row]\" \/>\n<meta property=\"og:url\" content=\"https:\/\/farmletsa.com\/index.php\/nosotros\/\" \/>\n<meta property=\"article:modified_time\" content=\"2023-09-22T14:25:28+00:00\" \/>\n<meta name=\"twitter:card\" content=\"summary_large_image\" \/>\n<meta name=\"twitter:label1\" content=\"Tiempo de lectura\" \/>\n\t<meta name=\"twitter:data1\" content=\"3 minutos\" \/>\n<script type=\"application\/ld+json\" class=\"yoast-schema-graph\">{\"@context\":\"https:\/\/schema.org\",\"@graph\":[{\"@type\":\"WebPage\",\"@id\":\"https:\/\/farmletsa.com\/index.php\/nosotros\/\",\"url\":\"https:\/\/farmletsa.com\/index.php\/nosotros\/\",\"name\":\"Nosotros -\",\"isPartOf\":{\"@id\":\"https:\/\/farmletsa.com\/#website\"},\"datePublished\":\"2018-12-12T14:14:12+00:00\",\"dateModified\":\"2023-09-22T14:25:28+00:00\",\"breadcrumb\":{\"@id\":\"https:\/\/farmletsa.com\/index.php\/nosotros\/#breadcrumb\"},\"inLanguage\":\"es\",\"potentialAction\":[{\"@type\":\"ReadAction\",\"target\":[\"https:\/\/farmletsa.com\/index.php\/nosotros\/\"]}]},{\"@type\":\"BreadcrumbList\",\"@id\":\"https:\/\/farmletsa.com\/index.php\/nosotros\/#breadcrumb\",\"itemListElement\":[{\"@type\":\"ListItem\",\"position\":1,\"name\":\"Portada\",\"item\":\"https:\/\/farmletsa.com\/\"},{\"@type\":\"ListItem\",\"position\":2,\"name\":\"Nosotros\"}]},{\"@type\":\"WebSite\",\"@id\":\"https:\/\/farmletsa.com\/#website\",\"url\":\"https:\/\/farmletsa.com\/\",\"name\":\"Farmletsa\",\"description\":\"\",\"publisher\":{\"@id\":\"https:\/\/farmletsa.com\/#organization\"},\"potentialAction\":[{\"@type\":\"SearchAction\",\"target\":{\"@type\":\"EntryPoint\",\"urlTemplate\":\"https:\/\/farmletsa.com\/?s={search_term_string}\"},\"query-input\":\"required name=search_term_string\"}],\"inLanguage\":\"es\"},{\"@type\":\"Organization\",\"@id\":\"https:\/\/farmletsa.com\/#organization\",\"name\":\"Farmletsa\",\"url\":\"https:\/\/farmletsa.com\/\",\"logo\":{\"@type\":\"ImageObject\",\"inLanguage\":\"es\",\"@id\":\"https:\/\/farmletsa.com\/#\/schema\/logo\/image\/\",\"url\":\"https:\/\/farmletsa.com\/wp-content\/uploads\/2023\/09\/cow-copia.webp\",\"contentUrl\":\"https:\/\/farmletsa.com\/wp-content\/uploads\/2023\/09\/cow-copia.webp\",\"width\":500,\"height\":700,\"caption\":\"Farmletsa\"},\"image\":{\"@id\":\"https:\/\/farmletsa.com\/#\/schema\/logo\/image\/\"}}]}<\/script>\n<!-- \/ Yoast SEO plugin. -->","yoast_head_json":{"title":"Nosotros -","robots":{"index":"index","follow":"follow","max-snippet":"max-snippet:-1","max-image-preview":"max-image-preview:large","max-video-preview":"max-video-preview:-1"},"canonical":"https:\/\/farmletsa.com\/index.php\/nosotros\/","og_locale":"es_ES","og_type":"article","og_title":"Nosotros -","og_description":"[vc_row css=\u00bb.vc_custom_1559134125722{padding-top: 10px !important;padding-bottom: 100px !important;}\u00bb][vc_column width=\u00bb5\/12&#8243; css=\u00bb.vc_custom_1558959371819{padding-right: 40px !important;}\u00bb][\/vc_column][vc_column width=\u00bb7\/12&#8243;][vc_single_image image=\u00bb6762&#8243; img_size=\u00bbfull\u00bb css=\u00bb.vc_custom_1695392440935{border-radius: 30px !important;}\u00bb][\/vc_column][\/vc_row][vc_row full_width=\u00bbstretch_row\u00bb bg_cws_repeat=\u00bbno-repeat\u00bb bg_cws_size=\u00bbcover\u00bb bg_image_position=\u00bbcenter_center\u00bb crop=\u00bb1&#8243; crop_style=\u00bbstyle_2&#8243; css=\u00bb.vc_custom_1695177122809{background-color: #f2f2f2 !important;}\u00bb][vc_column][vc_row_inner][vc_column_inner width=\u00bb1\/3&#8243; css=\u00bb.vc_custom_1559109188836{padding-right: 50px !important;}\u00bb][\/vc_column_inner][vc_column_inner width=\u00bb1\/3&#8243;][vc_single_image image=\u00bb6823&#8243; img_size=\u00bbfull\u00bb][\/vc_column_inner][vc_column_inner width=\u00bb1\/3&#8243; css=\u00bb.vc_custom_1559109194740{padding-left: 50px !important;}\u00bb][\/vc_column_inner][\/vc_row_inner][\/vc_column][\/vc_row][vc_row full_width=\u00bbstretch_row\u00bb bg_cws_repeat=\u00bbno-repeat\u00bb bg_cws_size=\u00bbcover\u00bb bg_image_position=\u00bbcenter_center\u00bb crop=\u00bb1&#8243; crop_style=\u00bbstyle_5&#8243; css=\u00bb.vc_custom_1559132997015{margin-top: -90px !important;background: #7d9f3a url(https:\/\/farmletsa.com\/wp-content\/uploads\/2019\/05\/bg_350.jpg?id=6440) !important;}\u00bb][vc_column][\/vc_column][\/vc_row]","og_url":"https:\/\/farmletsa.com\/index.php\/nosotros\/","article_modified_time":"2023-09-22T14:25:28+00:00","twitter_card":"summary_large_image","twitter_misc":{"Tiempo de lectura":"3 minutos"},"schema":{"@context":"https:\/\/schema.org","@graph":[{"@type":"WebPage","@id":"https:\/\/farmletsa.com\/index.php\/nosotros\/","url":"https:\/\/farmletsa.com\/index.php\/nosotros\/","name":"Nosotros -","isPartOf":{"@id":"https:\/\/farmletsa.com\/#website"},"datePublished":"2018-12-12T14:14:12+00:00","dateModified":"2023-09-22T14:25:28+00:00","breadcrumb":{"@id":"https:\/\/farmletsa.com\/index.php\/nosotros\/#breadcrumb"},"inLanguage":"es","potentialAction":[{"@type":"ReadAction","target":["https:\/\/farmletsa.com\/index.php\/nosotros\/"]}]},{"@type":"BreadcrumbList","@id":"https:\/\/farmletsa.com\/index.php\/nosotros\/#breadcrumb","itemListElement":[{"@type":"ListItem","position":1,"name":"Portada","item":"https:\/\/farmletsa.com\/"},{"@type":"ListItem","position":2,"name":"Nosotros"}]},{"@type":"WebSite","@id":"https:\/\/farmletsa.com\/#website","url":"https:\/\/farmletsa.com\/","name":"Farmletsa","description":"","publisher":{"@id":"https:\/\/farmletsa.com\/#organization"},"potentialAction":[{"@type":"SearchAction","target":{"@type":"EntryPoint","urlTemplate":"https:\/\/farmletsa.com\/?s={search_term_string}"},"query-input":"required name=search_term_string"}],"inLanguage":"es"},{"@type":"Organization","@id":"https:\/\/farmletsa.com\/#organization","name":"Farmletsa","url":"https:\/\/farmletsa.com\/","logo":{"@type":"ImageObject","inLanguage":"es","@id":"https:\/\/farmletsa.com\/#\/schema\/logo\/image\/","url":"https:\/\/farmletsa.com\/wp-content\/uploads\/2023\/09\/cow-copia.webp","contentUrl":"https:\/\/farmletsa.com\/wp-content\/uploads\/2023\/09\/cow-copia.webp","width":500,"height":700,"caption":"Farmletsa"},"image":{"@id":"https:\/\/farmletsa.com\/#\/schema\/logo\/image\/"}}]}},"_links":{"self":[{"href":"https:\/\/farmletsa.com\/index.php\/wp-json\/wp\/v2\/pages\/4437","targetHints":{"allow":["GET"]}}],"collection":[{"href":"https:\/\/farmletsa.com\/index.php\/wp-json\/wp\/v2\/pages"}],"about":[{"href":"https:\/\/farmletsa.com\/index.php\/wp-json\/wp\/v2\/types\/page"}],"author":[{"embeddable":true,"href":"https:\/\/farmletsa.com\/index.php\/wp-json\/wp\/v2\/users\/1"}],"replies":[{"embeddable":true,"href":"https:\/\/farmletsa.com\/index.php\/wp-json\/wp\/v2\/comments?post=4437"}],"version-history":[{"count":17,"href":"https:\/\/farmletsa.com\/index.php\/wp-json\/wp\/v2\/pages\/4437\/revisions"}],"predecessor-version":[{"id":6895,"href":"https:\/\/farmletsa.com\/index.php\/wp-json\/wp\/v2\/pages\/4437\/revisions\/6895"}],"wp:attachment":[{"href":"https:\/\/farmletsa.com\/index.php\/wp-json\/wp\/v2\/media?parent=4437"}],"curies":[{"name":"wp","href":"https:\/\/api.w.org\/{rel}","templated":true}]}}