{"id":950,"date":"2013-06-07T10:53:15","date_gmt":"2013-06-07T10:53:15","guid":{"rendered":"https:\/\/farmletsa.com\/index.php\/product\/happy-ninja\/"},"modified":"2023-09-22T14:46:26","modified_gmt":"2023-09-22T14:46:26","slug":"mastizone-plus-lactancia","status":"publish","type":"product","link":"https:\/\/farmletsa.com\/index.php\/product\/mastizone-plus-lactancia\/","title":{"rendered":"Mastizone Plus Lactancia"},"content":{"rendered":"","protected":false},"excerpt":{"rendered":"<p>Asociaci\u00f3n de un potente antibi\u00f3tico a un agente mucol\u00edtico que facilita la acci\u00f3n de la gentamicina frente a las principales bacterias causantes de la mastitis bovina.<\/p>\n<p><strong>Cada jeringa de 10 g contiene:<\/strong> Gentamicina (sulfato) 150 mg, Bromhexina (clorhidrato) 50 mg, Excipiente qsp 10 gramos.<\/p>\n<p><strong>Presentaciones:<\/strong> Balde con 48 jeringas conteniendo 10g de producto cada una.<\/p>\n<p><img loading=\"lazy\" decoding=\"async\" class=\"alignnone wp-image-6686\" src=\"https:\/\/farmletsa.com\/wp-content\/uploads\/2013\/06\/nm.jpg\" alt=\"\" width=\"70\" height=\"66\" srcset=\"https:\/\/farmletsa.com\/wp-content\/uploads\/2013\/06\/nm.jpg 95w, https:\/\/farmletsa.com\/wp-content\/uploads\/2013\/06\/nm-64x61.jpg 64w\" sizes=\"auto, (max-width: 70px) 100vw, 70px\" \/><\/p>\n","protected":false},"featured_media":6685,"template":"","meta":[],"product_cat":[77],"product_tag":[79],"class_list":{"0":"post-950","1":"product","2":"type-product","3":"status-publish","4":"has-post-thumbnail","6":"product_cat-antibioticos","7":"product_tag-ucbvet","9":"first","10":"outofstock","11":"shipping-taxable","12":"product-type-simple"},"yoast_head":"<!-- This site is optimized with the Yoast SEO plugin v22.5 - https:\/\/yoast.com\/wordpress\/plugins\/seo\/ -->\n<title>Mastizone Plus Lactancia -<\/title>\n<meta name=\"robots\" content=\"index, follow, max-snippet:-1, max-image-preview:large, max-video-preview:-1\" \/>\n<link rel=\"canonical\" href=\"https:\/\/farmletsa.com\/index.php\/product\/mastizone-plus-lactancia\/\" \/>\n<meta property=\"og:locale\" content=\"es_ES\" \/>\n<meta property=\"og:type\" content=\"article\" \/>\n<meta property=\"og:title\" content=\"Mastizone Plus Lactancia -\" \/>\n<meta property=\"og:description\" content=\"Asociaci\u00f3n de un potente antibi\u00f3tico a un agente mucol\u00edtico que facilita la acci\u00f3n de la gentamicina frente a las principales bacterias causantes de la mastitis bovina.  Cada jeringa de 10 g contiene: Gentamicina (sulfato) 150 mg, Bromhexina (clorhidrato) 50 mg, Excipiente qsp 10 gramos.  Presentaciones: Balde con 48 jeringas conteniendo 10g de producto cada una.\" \/>\n<meta property=\"og:url\" content=\"https:\/\/farmletsa.com\/index.php\/product\/mastizone-plus-lactancia\/\" \/>\n<meta property=\"article:modified_time\" content=\"2023-09-22T14:46:26+00:00\" \/>\n<meta property=\"og:image\" content=\"https:\/\/farmletsa.com\/wp-content\/uploads\/2013\/06\/mj.png\" \/>\n\t<meta property=\"og:image:width\" content=\"750\" \/>\n\t<meta property=\"og:image:height\" content=\"750\" \/>\n\t<meta property=\"og:image:type\" content=\"image\/png\" \/>\n<meta name=\"twitter:card\" content=\"summary_large_image\" \/>\n<script type=\"application\/ld+json\" class=\"yoast-schema-graph\">{\"@context\":\"https:\/\/schema.org\",\"@graph\":[{\"@type\":\"WebPage\",\"@id\":\"https:\/\/farmletsa.com\/index.php\/product\/mastizone-plus-lactancia\/\",\"url\":\"https:\/\/farmletsa.com\/index.php\/product\/mastizone-plus-lactancia\/\",\"name\":\"Mastizone Plus Lactancia -\",\"isPartOf\":{\"@id\":\"https:\/\/farmletsa.com\/#website\"},\"primaryImageOfPage\":{\"@id\":\"https:\/\/farmletsa.com\/index.php\/product\/mastizone-plus-lactancia\/#primaryimage\"},\"image\":{\"@id\":\"https:\/\/farmletsa.com\/index.php\/product\/mastizone-plus-lactancia\/#primaryimage\"},\"thumbnailUrl\":\"https:\/\/farmletsa.com\/wp-content\/uploads\/2013\/06\/mj.png\",\"datePublished\":\"2013-06-07T10:53:15+00:00\",\"dateModified\":\"2023-09-22T14:46:26+00:00\",\"breadcrumb\":{\"@id\":\"https:\/\/farmletsa.com\/index.php\/product\/mastizone-plus-lactancia\/#breadcrumb\"},\"inLanguage\":\"es\",\"potentialAction\":[{\"@type\":\"ReadAction\",\"target\":[\"https:\/\/farmletsa.com\/index.php\/product\/mastizone-plus-lactancia\/\"]}]},{\"@type\":\"ImageObject\",\"inLanguage\":\"es\",\"@id\":\"https:\/\/farmletsa.com\/index.php\/product\/mastizone-plus-lactancia\/#primaryimage\",\"url\":\"https:\/\/farmletsa.com\/wp-content\/uploads\/2013\/06\/mj.png\",\"contentUrl\":\"https:\/\/farmletsa.com\/wp-content\/uploads\/2013\/06\/mj.png\",\"width\":750,\"height\":750},{\"@type\":\"BreadcrumbList\",\"@id\":\"https:\/\/farmletsa.com\/index.php\/product\/mastizone-plus-lactancia\/#breadcrumb\",\"itemListElement\":[{\"@type\":\"ListItem\",\"position\":1,\"name\":\"Portada\",\"item\":\"https:\/\/farmletsa.com\/\"},{\"@type\":\"ListItem\",\"position\":2,\"name\":\"Cat\u00e1logo\",\"item\":\"https:\/\/farmletsa.com\/index.php\/catalogo\/\"},{\"@type\":\"ListItem\",\"position\":3,\"name\":\"Mastizone Plus Lactancia\"}]},{\"@type\":\"WebSite\",\"@id\":\"https:\/\/farmletsa.com\/#website\",\"url\":\"https:\/\/farmletsa.com\/\",\"name\":\"Farmletsa\",\"description\":\"\",\"publisher\":{\"@id\":\"https:\/\/farmletsa.com\/#organization\"},\"potentialAction\":[{\"@type\":\"SearchAction\",\"target\":{\"@type\":\"EntryPoint\",\"urlTemplate\":\"https:\/\/farmletsa.com\/?s={search_term_string}\"},\"query-input\":\"required name=search_term_string\"}],\"inLanguage\":\"es\"},{\"@type\":\"Organization\",\"@id\":\"https:\/\/farmletsa.com\/#organization\",\"name\":\"Farmletsa\",\"url\":\"https:\/\/farmletsa.com\/\",\"logo\":{\"@type\":\"ImageObject\",\"inLanguage\":\"es\",\"@id\":\"https:\/\/farmletsa.com\/#\/schema\/logo\/image\/\",\"url\":\"https:\/\/farmletsa.com\/wp-content\/uploads\/2023\/09\/cow-copia.webp\",\"contentUrl\":\"https:\/\/farmletsa.com\/wp-content\/uploads\/2023\/09\/cow-copia.webp\",\"width\":500,\"height\":700,\"caption\":\"Farmletsa\"},\"image\":{\"@id\":\"https:\/\/farmletsa.com\/#\/schema\/logo\/image\/\"}}]}<\/script>\n<!-- \/ Yoast SEO plugin. -->","yoast_head_json":{"title":"Mastizone Plus Lactancia -","robots":{"index":"index","follow":"follow","max-snippet":"max-snippet:-1","max-image-preview":"max-image-preview:large","max-video-preview":"max-video-preview:-1"},"canonical":"https:\/\/farmletsa.com\/index.php\/product\/mastizone-plus-lactancia\/","og_locale":"es_ES","og_type":"article","og_title":"Mastizone Plus Lactancia -","og_description":"Asociaci\u00f3n de un potente antibi\u00f3tico a un agente mucol\u00edtico que facilita la acci\u00f3n de la gentamicina frente a las principales bacterias causantes de la mastitis bovina.  Cada jeringa de 10 g contiene: Gentamicina (sulfato) 150 mg, Bromhexina (clorhidrato) 50 mg, Excipiente qsp 10 gramos.  Presentaciones: Balde con 48 jeringas conteniendo 10g de producto cada una.","og_url":"https:\/\/farmletsa.com\/index.php\/product\/mastizone-plus-lactancia\/","article_modified_time":"2023-09-22T14:46:26+00:00","og_image":[{"width":750,"height":750,"url":"https:\/\/farmletsa.com\/wp-content\/uploads\/2013\/06\/mj.png","type":"image\/png"}],"twitter_card":"summary_large_image","schema":{"@context":"https:\/\/schema.org","@graph":[{"@type":"WebPage","@id":"https:\/\/farmletsa.com\/index.php\/product\/mastizone-plus-lactancia\/","url":"https:\/\/farmletsa.com\/index.php\/product\/mastizone-plus-lactancia\/","name":"Mastizone Plus Lactancia -","isPartOf":{"@id":"https:\/\/farmletsa.com\/#website"},"primaryImageOfPage":{"@id":"https:\/\/farmletsa.com\/index.php\/product\/mastizone-plus-lactancia\/#primaryimage"},"image":{"@id":"https:\/\/farmletsa.com\/index.php\/product\/mastizone-plus-lactancia\/#primaryimage"},"thumbnailUrl":"https:\/\/farmletsa.com\/wp-content\/uploads\/2013\/06\/mj.png","datePublished":"2013-06-07T10:53:15+00:00","dateModified":"2023-09-22T14:46:26+00:00","breadcrumb":{"@id":"https:\/\/farmletsa.com\/index.php\/product\/mastizone-plus-lactancia\/#breadcrumb"},"inLanguage":"es","potentialAction":[{"@type":"ReadAction","target":["https:\/\/farmletsa.com\/index.php\/product\/mastizone-plus-lactancia\/"]}]},{"@type":"ImageObject","inLanguage":"es","@id":"https:\/\/farmletsa.com\/index.php\/product\/mastizone-plus-lactancia\/#primaryimage","url":"https:\/\/farmletsa.com\/wp-content\/uploads\/2013\/06\/mj.png","contentUrl":"https:\/\/farmletsa.com\/wp-content\/uploads\/2013\/06\/mj.png","width":750,"height":750},{"@type":"BreadcrumbList","@id":"https:\/\/farmletsa.com\/index.php\/product\/mastizone-plus-lactancia\/#breadcrumb","itemListElement":[{"@type":"ListItem","position":1,"name":"Portada","item":"https:\/\/farmletsa.com\/"},{"@type":"ListItem","position":2,"name":"Cat\u00e1logo","item":"https:\/\/farmletsa.com\/index.php\/catalogo\/"},{"@type":"ListItem","position":3,"name":"Mastizone Plus Lactancia"}]},{"@type":"WebSite","@id":"https:\/\/farmletsa.com\/#website","url":"https:\/\/farmletsa.com\/","name":"Farmletsa","description":"","publisher":{"@id":"https:\/\/farmletsa.com\/#organization"},"potentialAction":[{"@type":"SearchAction","target":{"@type":"EntryPoint","urlTemplate":"https:\/\/farmletsa.com\/?s={search_term_string}"},"query-input":"required name=search_term_string"}],"inLanguage":"es"},{"@type":"Organization","@id":"https:\/\/farmletsa.com\/#organization","name":"Farmletsa","url":"https:\/\/farmletsa.com\/","logo":{"@type":"ImageObject","inLanguage":"es","@id":"https:\/\/farmletsa.com\/#\/schema\/logo\/image\/","url":"https:\/\/farmletsa.com\/wp-content\/uploads\/2023\/09\/cow-copia.webp","contentUrl":"https:\/\/farmletsa.com\/wp-content\/uploads\/2023\/09\/cow-copia.webp","width":500,"height":700,"caption":"Farmletsa"},"image":{"@id":"https:\/\/farmletsa.com\/#\/schema\/logo\/image\/"}}]}},"_links":{"self":[{"href":"https:\/\/farmletsa.com\/index.php\/wp-json\/wp\/v2\/product\/950","targetHints":{"allow":["GET"]}}],"collection":[{"href":"https:\/\/farmletsa.com\/index.php\/wp-json\/wp\/v2\/product"}],"about":[{"href":"https:\/\/farmletsa.com\/index.php\/wp-json\/wp\/v2\/types\/product"}],"wp:featuredmedia":[{"embeddable":true,"href":"https:\/\/farmletsa.com\/index.php\/wp-json\/wp\/v2\/media\/6685"}],"wp:attachment":[{"href":"https:\/\/farmletsa.com\/index.php\/wp-json\/wp\/v2\/media?parent=950"}],"wp:term":[{"taxonomy":"product_cat","embeddable":true,"href":"https:\/\/farmletsa.com\/index.php\/wp-json\/wp\/v2\/product_cat?post=950"},{"taxonomy":"product_tag","embeddable":true,"href":"https:\/\/farmletsa.com\/index.php\/wp-json\/wp\/v2\/product_tag?post=950"}],"curies":[{"name":"wp","href":"https:\/\/api.w.org\/{rel}","templated":true}]}}